)). What is the greatest common divisor of h and 12?
12
Suppose 60 = n + 3*n + 2*p, 31 = 3*n - 2*p. Calculate the greatest common divisor of 312 and n.
13
Let y(m) = -m**3 + 11*m**2 + 22*m + 1. Let x be y(12). What is the highest common divisor of x and 11?
11
Suppose -2*q + n + 1 = 0, -5*n - 5 = 3*q - 4*q. Suppose 3*l - 75 = -2*i, 3*l - 2 + 5 = q. Calculate the greatest common divisor of 26 and i.
13
Suppose -2*y + 4*y = 30. Let s be ((-24)/y)/((-2)/85). What is the highest common factor of 17 and s?
17
Suppose 4 = o - 14. What is the highest common divisor of 9 and o?
9
Let i(a) = a**3 - 11*a**2 + 9*a + 12. Let w be i(10). Suppose -w = x - 5. Calculate the highest common divisor of x and 6.
3
Let j be 4/(-6)*3*-6. Suppose 4*w - b = 866, -9 = 5*b + 1. Suppose -4*k + 2*k = -w. What is the greatest common factor of k and j?
12
Let u be (-92)/9 + (-6)/(-27). Let q = 1 - u. What is the highest common factor of 11 and q?
11
Let j = 181 - 175. What is the highest common factor of j and 24?
6
Let y be (-624)/(-44) + (1 - (-39)/(-33)). Calculate the greatest common factor of y and 112.
14
Let y be 5*(-2 - (-81)/15). Suppose 3*d = 4*n - 25 - y, 4*d = 3*n - 35. Calculate the highest common factor of 45 and n.
9
Let c(t) = 274*t + 12. Let d be c(2). What is the greatest common factor of d and 70?
70
Suppose -4*a + 2*a + 28 = 2*x, 4*x = 2*a - 28. Let h = a + -4. What is the greatest common divisor of h and 10?
10
Let l(a) = a**3 + 5*a**2 - 10*a. Let d be l(-6). What is the highest common divisor of d and 8?
8
Let o(z) = z + 32. Let r be o(-18). What is the highest common factor of 70 and r?
14
Let d = 11 + -9. Suppose -3*w + 14 = -d*w. Suppose z = m - 1, 4*m - 1 = 3*z + 5. Calculate the highest common factor of z and w.
2
Suppose 0 = -c + 5 - 3. What is the greatest common divisor of 1 and c?
1
Let r(a) = 26*a - 6. Let i be r(4). Let f be 19*-1 - (9 + -12). Let c = -2 - f. Calculate the highest common factor of c and i.
14
Let v(f) = f**2 - 7*f + 11. Let j be v(6). Suppose -j*b + 66 - 6 = 0. What is the highest common divisor of b and 36?
12
Let f be (1 + 0)/((-2)/2). Suppose -4*p + 75 = -5*r, -p - 3*p + 20 = 0. Let m = f - r. Calculate the highest common factor of 90 and m.
10
Let w = 6 + -6. Suppose -i = -w*i - 7. What is the greatest common factor of 21 and i?
7
Let m(g) = -15*g - 7. Let s be m(-4). Let p = 78 - s. What is the highest common divisor of p and 5?
5
Let l be 20/(-110) + 1762/11. What is the highest common divisor of 20 and l?
20
Suppose 0 = -3*c + 205 + 89. What is the greatest common divisor of 147 and c?
49
Suppose 7 = k + 5*z, -7*k + 3*k + 2*z - 16 = 0. Let l = k + 4. What is the highest common factor of 5 and l?
1
Suppose 0 = -u + 3*a + 2, a - 60 = -u - 3*u. Let t = 65 - -36. Suppose -t = -4*g + 11. Calculate the greatest common divisor of u and g.
14
Suppose 0 = z + z - 14. Suppose -3*q = -z*q + 532. What is the highest common factor of 19 and q?
19
Let k be (-4)/(-3)*-9*(-5)/15. Let q be (-4)/(2/(-2))*4. What is the highest common factor of k and q?
4
Let h(k) = -7*k. Let s be h(-2). Let z = -57 - -211. What is the highest common divisor of z and s?
14
Let w be (-92)/6 + (-6)/(-18). Let c be (-1 + 7)*(-10)/w. Calculate the highest common divisor of c and 4.
4
Suppose 3*h - 425 - 175 = 0. Calculate the greatest common factor of h and 25.
25
Suppose 7*m = 3*m + 48. Calculate the greatest common divisor of 24 and m.
12
Let c be (-28)/6*363/(-22). What is the highest common divisor of 7 and c?
7
Suppose -b = 3*n - 0*b - 42, -2*b - 21 = -n. Calculate the greatest common divisor of n and 165.
15
Let q be 218/1 - (-3 + 1). What is the greatest common factor of 20 and q?
20
Let o be (-28)/(-6) - (-4)/(-6). Let u(a) = o*a**3 - 1 + a - 5*a**3 - 2*a. Let f be u(-2). What is the greatest common factor of f and 6?
3
Let d(i) = 4*i**2 - 3*i - 3. Let q be d(3). Suppose -13 = -2*y - 1. What is the highest common factor of q and y?
6
Let c = -147 + 210. What is the highest common divisor of 42 and c?
21
Let m be (-2 + 1)*17/(51/(-432)). Calculate the highest common divisor of m and 18.
18
Suppose 3*f + 22 = 2*c, -5*c + 1 = -5*f - 44. Suppose -c*h + 0*h + 15 = 0. Let v be (-32)/(-6) + 2/h. What is the highest common divisor of v and 4?
2
Suppose 0 = -0*g + g - 3. Let b(j) = j**3 - 3*j**2 + 4*j. Let w be b(g). Let s(z) = -55*z - 2. Let p be s(-2). Calculate the highest common divisor of w and p.
12
Suppose 0 = o + 4*o - 10. Suppose 4 = z + 4*y, o*z - 2 = -3*y + 16. Let p = -30 + 66. What is the greatest common factor of z and p?
12
Suppose -6*g + 560 = -280. Let b be (20/(-6))/((-1)/6). Calculate the greatest common factor of b and g.
20
Let p be 1/((-3)/(3 - 15)). What is the highest common factor of 12 and p?
4
Let w(d) = -3 + d + 0*d + d**3 + 5*d**2 + 2*d. Let g be w(-3). Let s = -39 + 93. What is the highest common factor of g and s?
6
Suppose 4*c - 75 = 213. Calculate the highest common factor of 9 and c.
9
Let j = 22 - 11. Suppose 0 = -2*i - 2*i + 132. Let x be i + (-1)/1 + 1. What is the highest common factor of j and x?
11
Let n(p) = p**3 + 6*p**2 + 4*p - 1. Let d be n(-5). Calculate the highest common factor of d and 20.
4
Let d = 6 + -6. Suppose 3*p = d, -p - p - 245 = -5*k. Suppose -3*j + 22 = 2*u + j, -3*u + 2*j + k = 0. What is the highest common divisor of 45 and u?
15
Suppose -28 = -h + 2. What is the greatest common factor of 10 and h?
10
Let f(g) = 8*g - 2. Let l = 8 + -6. Let j be f(l). Let c be 11/(-3 + j/4). Calculate the highest common divisor of 2 and c.
2
Suppose -2*b = 3*b - 50. Let j = 85 - 10. Suppose -4*p + j = p. Calculate the highest common divisor of b and p.
5
Let u be -4*(2 + (-10)/4). Let f = -12 - -14. Suppose f*r = 4*r - 28. Calculate the greatest common divisor of u and r.
2
Suppose -5*p + 4*a = 1 - 37, -24 = -2*p + 4*a. Suppose -y + 6*y - 35 = 0. Let v = y - p. Calculate the greatest common factor of v and 3.
3
Suppose n = 2*q - 35, -2*q + 15 = -2*n + 5*n. Suppose -2*p + 21 = p. Let w(c) = 18*c + 9. Let y be w(p). What is the highest common divisor of q and y?
15
Let r(z) = z**2 - 11*z - 8. Let u be r(13). Calculate the greatest common factor of u and 90.
18
Suppose -3*i = 3*a - 177 - 204, i + 2*a = 122. Let h = -94 + 172. Let b = i - h. What is the greatest common divisor of b and 18?
18
Let o be 8/(-12) + 670/15. What is the greatest common factor of o and 11?
11
Let n(t) = 2*t**2 + 15*t - 11. Let m be 1/4*-2*22. Let k be n(m). Calculate the highest common divisor of k and 6.
6
Let o be ((-26)/2)/(-2 - -1). Let m(a) = 38*a**3 + 2*a**2 - 1. Let j be m(1). What is the greatest common divisor of j and o?
13
Let v(l) = 9*l - 2. Let c be v(2). Calculate the highest common divisor of c and 144.
16
Suppose -y - c = 4*c - 22, c = -5*y + 14. What is the greatest common factor of y and 8?
2
Suppose 11*i = -65 + 186. Calculate the greatest common factor of i and 11.
11
Suppose -2*q - y - y = -24, -3*q + 24 = -3*y. Let r be (-3772)/10 - (-2)/q. Let f = -201 - r. What is the greatest common divisor of f and 16?
16
Let j(m) = 3*m**2 - 5*m**2 - 6*m + 4 + 3*m**2. Let g be j(6). Suppose 0 = 3*r - r - 56. What is the highest common factor of g and r?
4
Let i(b) = -8*b**3 - 3*b**2 - 5*b - 3. Let v be i(-1). Let q(n) = 3 + 0 - 3*n + 0*n. Let j be q(-6). Calculate the greatest common factor of v and j.
7
Suppose 0 = 5*v + 77 - 427. Calculate the greatest common factor of 10 and v.
10
Let s(m) = -6*m. Let d = -1 - -3. Suppose -3 = d*j - j. Let o be s(j). What is the greatest common divisor of 6 and o?
6
Let d be -2 - (-1 - 6/(-3))*-4. Let t = -10 + 49. Let h = t + -21. Calculate the greatest common factor of h and d.
2
Let y = 97 + -81. Let a be 10/(14/(-16) - -1). What is the highest common factor of a and y?
16
Suppose -7*q - 35 = -5*g - 2*q, q = -5*g + 17. What is the highest common divisor of 20 and g?
4
Let m(h) = -h + 22. Let s be m(9). Let r = -2 + s. Calculate the highest common factor of 99 and r.
11
Suppose -2*v = 2*k + 2*v - 52, -18 = -k + 2*v. What is the greatest common factor of k and 88?
22
Let i(k) = -k**2 + 14*k. Let y be i(13). What is the greatest common divisor of y and 143?
13
Suppose 0 = -4*w - i + 12, 5*i = w + 2*i - 16. Let p(m) = 3*m - 7. Let s be p(w). Suppose 8 = r - 2. Calculate the highest common fac